.
302430012
Convert 262522 (base 8) to base 4.
112111102
29615 (base 11) to base 7
233313
Convert -15b8 (base 12) to base 7.
-10355
What is -2216473 (base 8) in base 3?
-1010100100111
Convert -25036544 (base 7) to base 2.
-1000100100000100000101
Convert 5054324 (base 8) to base 10.
1333460
4684ab (base 13) to base 12
689357
What is -31201113000 (base 4) in base 8?
-15412700
Convert 2002300332 (base 4) to base 8.
2026076
1eb21 (base 16) to base 14
33b69
-310388 (base 9) to base 8
-547337
What is 1004827 (base 9) in base 14?
dcda6
What is 2a988 (base 15) in base 2?
100001011111000001
-10221414 (base 5) to base 4
-110331203
1101112011101 (base 3) to base 16
b4523
What is 315255430 (base 6) in base 14?
a51b86
What is 47ba6 (base 12) in base 11?
66765
What is 101202002001111 (base 3) in base 8?
25617400
Convert -1222001011222 (base 3) to base 7.
-11605625
-892585 (base 14) to base 7
-54365125
What is -550867 (base 10) in base 12?
-226957
What is 11156010 (base 7) in base 16?
ed525
What is 567866 (base 9) in base 12?
145006
1101010101101 (base 2) to base 9
10327
Convert 182c97 (base 15) to base 2.
100011110100111001111
-7103333 (base 8) to base 5
-434311111
-4020115 (base 9) to base 8
-10121545
4103505 (base 6) to base 7
1442123
What is 95789 (base 10) in base 16?
1762d
What is -45aa5b (base 13) in base 7?
-20016330
-cc37e (base 15) to base 12
-273562
Convert -21322313 (base 6) to base 3.
-1012011022100
5155056 (base 7) to base 10
618813
-665632 (base 7) to base 15
-24b3a
-4331342023 (base 5) to base 7
-141410523
-10110111220 (base 3) to base 11
-47245
Convert 12c923 (base 13) to base 2.
1101111011010001001
Convert 110101010001111111 (base 2) to base 8.
652177
What is 210541 (base 8) in base 7?
411016
What is 10344210 (base 5) in base 12?
444a3
-142316350 (base 7) to base 5
-4343134313
What is -119997 (base 12) in base 13?
-a055b
Convert 3557053 (base 9) to base 8.
7264544
Convert -76731 (base 11) to base 12.
-54536
What is 110110000010011 (base 2) in base 7?
143443
289cc1 (base 14) to base 10
1410193
Convert 4029a8 (base 11) to base 14.
12c26d
-11010011100101111110 (base 2) to base 9
-1560774
Convert 10001100000110000110 (base 2) to base 11.
362144
Convert -2100210122 (base 3) to base 9.
-70718
What is -4bb5a (base 12) in base 2?
-11001010010110110
-396c588 (base 13) to base 12
-6050813
Convert 4365435 (base 9) to base 2.
1000111100110100100110
5f3f (base 16) to base 9
36402
What is -12222320331 (base 4) in base 11?
-a94783
Convert 180a57a (base 12) to base 4.
103003122232
Convert -24005626 (base 7) to base 14.
-3d26bd
Convert -222230401 (base 5) to base 15.
-14471b
Convert -33774150 (base 9) to base 6.
-1343343330
8029 (base 12) to base 8
33041
12031121000 (base 4) to base 2
110001101011001000000
111112021020 (base 3) to base 16
41028
What is 100b072 (base 13) in base 15?
65c549
Convert -7b5c3 (base 13) to base 9.
-372688
Convert -38082 (base 10) to base 11.
-26680
What is -20030204 (base 5) in base 16?
-269e3
Convert -102310022 (base 4) to base 16.
-12d0a
-21776633 (base 8) to base 9
-8780758
-20863b (base 13) to base 2
-10111001110110001010
What is -34b40 (base 16) in base 4?
-310231000
Convert 12200020101 (base 3) to base 11.
76a24
Convert 10857586 (base 9) to base 14.
9bb2d2
2679811 (base 10) to base 2
1010001110010000000011
Convert -65163312 (base 7) to base 5.
-2410440101
Convert 2132031 (base 6) to base 11.
72233
Convert 3415002 (base 7) to base 11.
26a861
What is -1064024 (base 7) in base 12?
-65285
Convert 12b9839 (base 12) to base 11.
21172aa
Convert -221102212020 (base 3) to base 16.
-7a3f1
11220301122 (base 4) to base 10
1477722
Convert -499d93 (base 16) to base 15.
-654712
What is 10001011100110000100111 (base 2) in base 5?
2132333442
Convert -2a7af4 (base 16) to base 6.
-135400500
6126ba (base 12) to base 2
101110010101001101110
Convert 1123331233 (base 4) to base 15.
76927
Convert -72609 (base 10) to base 6.
-1320053
3302130124 (base 5) to base 4
122331132103
Convert 53222521 (base 7) to base 13.
c1ba6c
Convert 121213330021 (base 4) to base 15.
8ca42d
What is -3322123213 (base 4) in base 15?
-153de7
Convert 112002002 (base 3) to base 15.
3092
-1444023214 (base 5) to base 8
-16662125
What is 1454760 (base 12) in base 13?
b03cac
451235521 (base 6) to base 12
28a8ba1
What is -16aa581 (base 11) in base 16?
-2c3969
1313100421 (base 5) to base 6
153421140
What is -470277 (base 11) in base 2?
-10110110011000001001
What is 1101000110010111110010 (base 2) in base 8?
15062762
What is 10010011010000001 (base 2) in base 9?
124370
What is 2023030103 (base 4) in base 2?
10001011001100010011
What is -5b1b (base 16) in base 2?
-101101100011011
Convert -184631 (base 9) to base 12.
-56647
Convert -1412200 (base 5) to base 9.
-43757
Convert -189717 (base 10) to base 8.
-562425
Convert 124850 (base 9) to base 14.
1d88c
Convert 165ea8 (base 16) to base 11.
91149a
Convert -10010101011011100010110 (base 2) to base 13.
-1025976
139167 (base 12) to base 14
8715d
Convert -33b6 (base 16) to base 6.
-141142
41342420 (base 6) to base 4
10203313230
What is 220002 (base 8) in base 10?
73730
Convert -77cc1 (base 15) to base 7.
-3144304
207c9 (base 14) to base 11
53986
What is 120442 (base 8) in base 12?
1ba56
1147537 (base 10) to base 14
21c2ad
-20612554 (base 7) to base 15
-248d84
Convert -451144 (base 9) to base 15.
-54e51
-ebe5 (base 16) to base 3
-10001211122
What is -276b3 (base 15) in base 9?
-212336
What is -1010000000110010001 (base 2) in base 4?
-1100012101
-2a3592a (base 11) to base 4
-103312311103
Convert -8c5ac (base 14) to base 11.
-213543
What is 397e9 (base 16) in base 4?
321133221
Convert 22754233 (base 8) to base 11.
2895584
-11100123320 (base 4) to base 11
-861384
What is -5d041 (base 14) in base 4?
-313213201
Convert -1241430 (base 7) to base 3.
-22012102210
-111100110100100011100 (base 2) to base 6
-110414444
What is -534711 (base 9) in base 3?
-121011210101
5a511 (base 12) to base 10
121693
-44aa90 (base 11) to base 5
-140424022
Convert 11121131312 (base 4) to base 7.
15012311
What is 80605 (base 13) in base 5?
24321012
What is -2046a3 (base 12) in base 10?
-505563
What is -14471571 (base 8) in base 14?
-620d29
Convert 2b312 (base 12) to base 3.
10002120112
What is 18562755 (base 9) in base 14?
135d223
What is -3291480 (base 10) in base 4?
-30203211120
What is 86464 (base 13) in base 10?
242428
1001100000011010010 (base 2) to base 7
2435116
What is acb0a (base 14) in base 2?
1100110010110110110
What is 5375d (base 14) in base 7?
1500146
Convert -86964 (base 13) to base 6.
-5114133
-ac2c (base 15) to base 8
-107214
Convert 11030225 (base 7) to base 6.
32155132
Convert 111010111001011 (base 2) to base 13.
10958
-15543250 (base 6) to base 5
-120324110
Convert -13124144 (base 5) to base 2.
-11111101110000100
Convert 244426 (base 13) to base 12.
35941a
-1350142 (base 7) to base 15
-385a4
Convert -1377148 (base 10) to base 4.
-11100031330
-2011222111201 (base 3) to base 5
-244122223
5991b (base 12) to base 10
120551
142901 (base 11) to base 6
4442035
What is -3143661 (base 7) in base 6?
-12054340
1463263 (base 11) to base 5
1120223130
10aba (base 13) to base 3
1112201002
What is -1398912 (base 11) in base 6?
-123222533
What is 13506415 (base 7) in base 6?
43022131
What is -741202 (base 8) in base 14?
-65b22
What is -110130221 (base 4) in base 14?
-22745
What is 3cd6d (base 16) in base 10?
249197
Convert 31382 (base 13) to base 4.
111212231
10111001011110010 (base 2) to base 14
26870
Convert 1422244 (base 5) to base 14.
ab75
-17b0867 (base 14) to base 16
-b2cf8b
What is -552563 (base 7) in base 12?
-48188
1345784 (base 9) to base 15
e8eea
Convert 123111 (base 4) to base 7.
5046
What is -1146628 (base 12) in base 10?
-3329024
-3998482 (base 10) to base 9
-7463787
Convert 4a9a5 (base 12) to base 8.
306415
22c891 (base 13) to base 9
1501151
Convert -24ebc7 (base 15) to base 7.
-21024511
What is 32b58 (base 12) in base 2?
10000011011110100
Convert -5036286 (base 9) to base 10.
-2681502
Convert 2178 (base 11) to base 8.
5464
Convert 6f608 (base 16) to base 5.
104044300
What is 1c9025 (base 16) in base 11?
1069436
What is -3480008 (base 9) in base 12?
-76985b
Convert -4c3517 (base 13) to base 12.
-746168
151204 (base 8) to base 7
313056
What is -10231